{"id":1025,"date":"2023-04-11T18:48:45","date_gmt":"2023-04-11T16:48:45","guid":{"rendered":"http:\/\/mont-aveyron.com\/?page_id=1025"},"modified":"2023-06-01T21:59:26","modified_gmt":"2023-06-01T19:59:26","slug":"programme-2023","status":"publish","type":"page","link":"https:\/\/mont-aveyron.com\/index.php\/programme-2023\/","title":{"rendered":"LE PROGRAMME DU MONT-AVEYRON 2023"},"content":{"rendered":"\n<h2 class=\"wp-block-heading has-text-align-center has-white-color has-text-color has-background has-large-font-size\" style=\"background-color:#b52dcf\">SAMEDI 24 JUIN 2023<\/h2>\n\n\n\n<figure class=\"wp-block-table is-style-stripes\"><table class=\"has-background\" style=\"background-color:#b42dcf47\"><tbody><tr><td class=\"has-text-align-center\" data-align=\"center\"><\/td><td class=\"has-text-align-center\" data-align=\"center\"><\/td><td class=\"has-text-align-center\" data-align=\"center\"><em><strong>Place des Abbesses<\/strong><\/em><\/td><\/tr><tr><td class=\"has-text-align-center\" data-align=\"center\"><strong>9H00<\/strong><\/td><td class=\"has-text-align-center\" data-align=\"center\"><strong>MARCH\u00c9<\/strong><\/td><td class=\"has-text-align-center\" data-align=\"center\"><strong>OUVERTURE D<\/strong>U VILLAGE<\/td><\/tr><tr><td class=\"has-text-align-center\" data-align=\"center\"><strong>10H15<\/strong><\/td><td class=\"has-text-align-center\" data-align=\"center\"><strong>FOLKLORE<\/strong><\/td><td class=\"has-text-align-center\" data-align=\"center\">D\u00c9FIL\u00c9 DE LA <strong>BOURR\u00c9E MONTAGNARDE<\/strong><br><strong>ET DES PASTRES &amp; PASTRETOS<\/strong><\/td><\/tr><tr><td class=\"has-text-align-center\" data-align=\"center\"><strong>11H30<\/strong><\/td><td class=\"has-text-align-center\" data-align=\"center\"><strong>OFFICIEL<\/strong><\/td><td class=\"has-text-align-center\" data-align=\"center\"><strong>INAUGURATION DU MONT AVEYRON 2023<\/strong><\/td><\/tr><tr><td class=\"has-text-align-center\" data-align=\"center\"><strong>14H00<\/strong><\/td><td class=\"has-text-align-center\" data-align=\"center\"><strong>MODE<\/strong><\/td><td class=\"has-text-align-center\" data-align=\"center\"><strong><strong>D\u00c9FIL\u00c9 DE MODE BY ZEZETTE DE MONTMARTRE<\/strong><\/strong><\/td><\/tr><tr><td class=\"has-text-align-center\" data-align=\"center\"><strong>15H00<\/strong><\/td><td class=\"has-text-align-center\" data-align=\"center\"><strong>FOLKLORE<\/strong><\/td><td class=\"has-text-align-center\" data-align=\"center\"><strong><strong>D\u00c9FIL\u00c9 DE LA BOURR\u00c9E MONTAGNA<\/strong>RDE<\/strong><\/td><\/tr><tr><td class=\"has-text-align-center\" data-align=\"center\"><strong>16H00<\/strong><\/td><td class=\"has-text-align-center\" data-align=\"center\"><strong><strong>CONCERT<\/strong><\/strong><\/td><td class=\"has-text-align-center\" data-align=\"center\"><strong><strong>MUSIC LIVE AVEC LE GROUPE \u00ab\u00a0LA DERYVES\u00a0\u00bb<\/strong><\/strong><\/td><\/tr><tr><td class=\"has-text-align-center\" data-align=\"center\"><strong>17H00<\/strong><\/td><td class=\"has-text-align-center\" data-align=\"center\"><strong>COMP\u00c9TITION<\/strong><\/td><td class=\"has-text-align-center\" data-align=\"center\"><strong>CHAMPIONNAT DU MONDE DE FIL D\u2019ALIGOT<\/strong><\/td><\/tr><tr><td class=\"has-text-align-center\" data-align=\"center\"><strong>18H15<\/strong><\/td><td class=\"has-text-align-center\" data-align=\"center\"><strong>FOLKLORE<\/strong><\/td><td class=\"has-text-align-center\" data-align=\"center\"><strong>D\u00c9FIL\u00c9 FOLKLORIQUE DES ENFANTS DE PASTRES &amp; PASTRETOS<\/strong><\/td><\/tr><tr><td class=\"has-text-align-center\" data-align=\"center\"><strong>19H30<\/strong><\/td><td class=\"has-text-align-center\" data-align=\"center\"><strong>OFFICIEL<\/strong><\/td><td class=\"has-text-align-center\" data-align=\"center\"><strong>REMISE DES PRIX<\/strong><\/td><\/tr><tr><td class=\"has-text-align-center\" data-align=\"center\"><\/td><td class=\"has-text-align-center\" data-align=\"center\"><\/td><td class=\"has-text-align-center\" data-align=\"center\"><em><strong>La soir\u00e9e continue dans les Restaurants et les Pubs de Montmartre !<\/strong><\/em><\/td><\/tr><\/tbody><\/table><\/figure>\n\n\n\n<h2 class=\"wp-block-heading has-text-align-center has-white-color has-text-color has-background has-large-font-size\" style=\"background-color:#b52dcf\">DIMANCHE 25 JUIN 2023<\/h2>\n\n\n\n<figure class=\"wp-block-table is-style-stripes\"><table class=\"has-background\" style=\"background-color:#b42dcf47\"><tbody><tr><td class=\"has-text-align-center\" data-align=\"center\"><\/td><td class=\"has-text-align-center\" data-align=\"center\"><\/td><td class=\"has-text-align-center\" data-align=\"center\"><em><strong><em><strong>Place des Abbesses<\/strong><\/em><\/strong><\/em><\/td><\/tr><tr><td class=\"has-text-align-center\" data-align=\"center\"><strong>8H00<\/strong><\/td><td class=\"has-text-align-center\" data-align=\"center\"><strong>MARCH\u00c9<\/strong><\/td><td class=\"has-text-align-center\" data-align=\"center\"><strong><strong>OUVERTURE D<\/strong>U VILLAGE<\/strong><\/td><\/tr><tr><td class=\"has-text-align-center\" data-align=\"center\"><strong>8H15<\/strong><\/td><td class=\"has-text-align-center\" data-align=\"center\"><strong>CULTURE<\/strong><\/td><td class=\"has-text-align-center\" data-align=\"center\"><strong><strong>D\u00c9BUT DU LIVE STREET ART AVEC JO DI BONA<\/strong><\/strong><\/td><\/tr><tr><td class=\"has-text-align-center\" data-align=\"center\"><strong>10H30<\/strong><\/td><td class=\"has-text-align-center\" data-align=\"center\"><strong>MESSE<\/strong><\/td><td class=\"has-text-align-center\" data-align=\"center\"><em><strong><strong>EN L\u2019EGLISE SAINT-JEAN DE MONTMARTRE<\/strong><br><strong>Anim\u00e9e par LA BOURREE MONTAGNARDE<\/strong><\/strong><\/em><\/td><\/tr><tr><td class=\"has-text-align-center\" data-align=\"center\"><strong>12H30<\/strong><\/td><td class=\"has-text-align-center\" data-align=\"center\"><strong>OFFICIEL<\/strong><\/td><td class=\"has-text-align-center\" data-align=\"center\"><strong><strong>COMMANDERIE DES CHEVALIERS DU TASTE-LAGUIOLE<\/strong><br><strong>ET DES GRANDS FILEURS D&rsquo;ALIGOT DE L\u2019AUBRAC<\/strong><\/strong><\/td><\/tr><tr><td class=\"has-text-align-center\" data-align=\"center\"><strong>14H00<\/strong><\/td><td class=\"has-text-align-center\" data-align=\"center\"><strong><strong>MONTMARTRE<\/strong><\/strong><\/td><td class=\"has-text-align-center\" data-align=\"center\"><strong>HOMMAGE A MICHOU PAR LE CABARET MICHOU<\/strong><\/td><\/tr><tr><td class=\"has-text-align-center\" data-align=\"center\"><strong>16H00<\/strong><\/td><td class=\"has-text-align-center\" data-align=\"center\"><strong><strong>CONCERT<\/strong><\/strong><\/td><td class=\"has-text-align-center\" data-align=\"center\"><strong><strong><strong>MUSIC LIVE AVEC LE GROUPE \u00ab\u00a0LA DERYVES\u00a0\u00bb<\/strong><\/strong><\/strong><\/td><\/tr><tr><td class=\"has-text-align-center\" data-align=\"center\"><strong>17H45<\/strong><\/td><td class=\"has-text-align-center\" data-align=\"center\"><strong>CULTURE<\/strong><\/td><td class=\"has-text-align-center\" data-align=\"center\"><strong>L\u2019HOMMAGE \u00c0 PIERRE SOULAGES PAR JO DI BON<\/strong><\/td><\/tr><tr><td class=\"has-text-align-center\" data-align=\"center\"><strong>18H<\/strong><\/td><td class=\"has-text-align-center\" data-align=\"center\"><strong>OFFICIEL<\/strong><\/td><td class=\"has-text-align-center\" data-align=\"center\"><strong><strong>C\u00c9R\u00c9MONIE DE CLOTURE | \u00ab\u00a0SE CANTO\u00a0\u00bb<\/strong><\/strong><\/td><\/tr><\/tbody><\/table><\/figure>\n","protected":false},"excerpt":{"rendered":"<p>SAMEDI 24 JUIN 2023 Place des Abbesses 9H00 MARCH\u00c9 OUVERTURE DU VILLAGE 10H15 FOLKLORE D\u00c9FIL\u00c9 DE LA BOURR\u00c9E MONTAGNARDEET DES PASTRES &amp; PASTRETOS 11H30 OFFICIEL INAUGURATION DU MONT AVEYRON 2023 14H00 MODE D\u00c9FIL\u00c9 DE MODE BY ZEZETTE DE MONTMARTRE 15H00 FOLKLORE D\u00c9FIL\u00c9 DE LA BOURR\u00c9E MONTAGNARDE 16H00 CONCERT MUSIC LIVE AVEC LE GROUPE \u00ab\u00a0LA DERYVES\u00a0\u00bb 17H00 COMP\u00c9TITION CHAMPIONNAT DU MONDE DE FIL D\u2019ALIGOT 18H15 FOLKLORE D\u00c9FIL\u00c9 FOLKLORIQUE DES ENFANTS DE PASTRES &amp; PASTRETOS 19H30 OFFICIEL REMISE DES PRIX La soir\u00e9e continue dans les Restaurants et les Pubs de Montmartre ! DIMANCHE 25 JUIN 2023 Place des Abbesses 8H00 MARCH\u00c9 OUVERTURE DU VILLAGE 8H15 CULTURE D\u00c9BUT DU LIVE STREET ART AVEC JO DI BONA 10H30 MESSE EN L\u2019EGLISE SAINT-JEAN DE MONTMARTREAnim\u00e9e par LA BOURREE MONTAGNARDE 12H30 OFFICIEL COMMANDERIE DES CHEVALIERS DU TASTE-LAGUIOLEET DES GRANDS FILEURS D&rsquo;ALIGOT DE L\u2019AUBRAC 14H00 MONTMARTRE HOMMAGE A MICHOU PAR LE CABARET MICHOU 16H00 CONCERT MUSIC LIVE AVEC LE GROUPE \u00ab\u00a0LA DERYVES\u00a0\u00bb 17H45 CULTURE L\u2019HOMMAGE \u00c0 PIERRE SOULAGES PAR JO DI BON 18H OFFICIEL C\u00c9R\u00c9MONIE DE CLOTURE | \u00ab\u00a0SE CANTO\u00a0\u00bb<\/p>\n","protected":false},"author":3,"featured_media":0,"parent":0,"menu_order":0,"comment_status":"closed","ping_status":"closed","template":"","meta":{"footnotes":""},"class_list":["post-1025","page","type-page","status-publish","hentry"],"acf":[],"_links":{"self":[{"href":"https:\/\/mont-aveyron.com\/index.php\/wp-json\/wp\/v2\/pages\/1025","targetHints":{"allow":["GET"]}}],"collection":[{"href":"https:\/\/mont-aveyron.com\/index.php\/wp-json\/wp\/v2\/pages"}],"about":[{"href":"https:\/\/mont-aveyron.com\/index.php\/wp-json\/wp\/v2\/types\/page"}],"author":[{"embeddable":true,"href":"https:\/\/mont-aveyron.com\/index.php\/wp-json\/wp\/v2\/users\/3"}],"replies":[{"embeddable":true,"href":"https:\/\/mont-aveyron.com\/index.php\/wp-json\/wp\/v2\/comments?post=1025"}],"version-history":[{"count":24,"href":"https:\/\/mont-aveyron.com\/index.php\/wp-json\/wp\/v2\/pages\/1025\/revisions"}],"predecessor-version":[{"id":1238,"href":"https:\/\/mont-aveyron.com\/index.php\/wp-json\/wp\/v2\/pages\/1025\/revisions\/1238"}],"wp:attachment":[{"href":"https:\/\/mont-aveyron.com\/index.php\/wp-json\/wp\/v2\/media?parent=1025"}],"curies":[{"name":"wp","href":"https:\/\/api.w.org\/{rel}","templated":true}]}}

<h2 class="wp-block-heading has-text-align-center has-white-color has-text-color has-background has-large-font-size" style="background-color:#b52dcf">SAMEDI 24 JUIN 2023</h2>



<figure class="wp-block-table is-style-stripes"><table class="has-background" style="background-color:#b42dcf47"><tbody><tr><td class="has-text-align-center" data-align="center"></td><td class="has-text-align-center" data-align="center"></td><td class="has-text-align-center" data-align="center"><em><strong>Place des Abbesses</strong></em></td></tr><tr><td class="has-text-align-center" data-align="center"><strong>9H00</strong></td><td class="has-text-align-center" data-align="center"><strong>MARCHÉ</strong></td><td class="has-text-align-center" data-align="center"><strong>OUVERTURE D</strong>U VILLAGE</td></tr><tr><td class="has-text-align-center" data-align="center"><strong>10H15</strong></td><td class="has-text-align-center" data-align="center"><strong>FOLKLORE</strong></td><td class="has-text-align-center" data-align="center">DÉFILÉ DE LA <strong>BOURRÉE MONTAGNARDE</strong><br><strong>ET DES PASTRES &amp; PASTRETOS</strong></td></tr><tr><td class="has-text-align-center" data-align="center"><strong>11H30</strong></td><td class="has-text-align-center" data-align="center"><strong>OFFICIEL</strong></td><td class="has-text-align-center" data-align="center"><strong>INAUGURATION DU MONT AVEYRON 2023</strong></td></tr><tr><td class="has-text-align-center" data-align="center"><strong>14H00</strong></td><td class="has-text-align-center" data-align="center"><strong>MODE</strong></td><td class="has-text-align-center" data-align="center"><strong><strong>DÉFILÉ DE MODE BY ZEZETTE DE MONTMARTRE</strong></strong></td></tr><tr><td class="has-text-align-center" data-align="center"><strong>15H00</strong></td><td class="has-text-align-center" data-align="center"><strong>FOLKLORE</strong></td><td class="has-text-align-center" data-align="center"><strong><strong>DÉFILÉ DE LA BOURRÉE MONTAGNA</strong>RDE</strong></td></tr><tr><td class="has-text-align-center" data-align="center"><strong>16H00</strong></td><td class="has-text-align-center" data-align="center"><strong><strong>CONCERT</strong></strong></td><td class="has-text-align-center" data-align="center"><strong><strong>MUSIC LIVE AVEC LE GROUPE « LA DERYVES »</strong></strong></td></tr><tr><td class="has-text-align-center" data-align="center"><strong>17H00</strong></td><td class="has-text-align-center" data-align="center"><strong>COMPÉTITION</strong></td><td class="has-text-align-center" data-align="center"><strong>CHAMPIONNAT DU MONDE DE FIL D’ALIGOT</strong></td></tr><tr><td class="has-text-align-center" data-align="center"><strong>18H15</strong></td><td class="has-text-align-center" data-align="center"><strong>FOLKLORE</strong></td><td class="has-text-align-center" data-align="center"><strong>DÉFILÉ FOLKLORIQUE DES ENFANTS DE PASTRES &amp; PASTRETOS</strong></td></tr><tr><td class="has-text-align-center" data-align="center"><strong>19H30</strong></td><td class="has-text-align-center" data-align="center"><strong>OFFICIEL</strong></td><td class="has-text-align-center" data-align="center"><strong>REMISE DES PRIX</strong></td></tr><tr><td class="has-text-align-center" data-align="center"></td><td class="has-text-align-center" data-align="center"></td><td class="has-text-align-center" data-align="center"><em><strong>La soirée continue dans les Restaurants et les Pubs de Montmartre !</strong></em></td></tr></tbody></table></figure>



<h2 class="wp-block-heading has-text-align-center has-white-color has-text-color has-background has-large-font-size" style="background-color:#b52dcf">DIMANCHE 25 JUIN 2023</h2>



<figure class="wp-block-table is-style-stripes"><table class="has-background" style="background-color:#b42dcf47"><tbody><tr><td class="has-text-align-center" data-align="center"></td><td class="has-text-align-center" data-align="center"></td><td class="has-text-align-center" data-align="center"><em><strong><em><strong>Place des Abbesses</strong></em></strong></em></td></tr><tr><td class="has-text-align-center" data-align="center"><strong>8H00</strong></td><td class="has-text-align-center" data-align="center"><strong>MARCHÉ</strong></td><td class="has-text-align-center" data-align="center"><strong><strong>OUVERTURE D</strong>U VILLAGE</strong></td></tr><tr><td class="has-text-align-center" data-align="center"><strong>8H15</strong></td><td class="has-text-align-center" data-align="center"><strong>CULTURE</strong></td><td class="has-text-align-center" data-align="center"><strong><strong>DÉBUT DU LIVE STREET ART AVEC JO DI BONA</strong></strong></td></tr><tr><td class="has-text-align-center" data-align="center"><strong>10H30</strong></td><td class="has-text-align-center" data-align="center"><strong>MESSE</strong></td><td class="has-text-align-center" data-align="center"><em><strong><strong>EN L’EGLISE SAINT-JEAN DE MONTMARTRE</strong><br><strong>Animée par LA BOURREE MONTAGNARDE</strong></strong></em></td></tr><tr><td class="has-text-align-center" data-align="center"><strong>12H30</strong></td><td class="has-text-align-center" data-align="center"><strong>OFFICIEL</strong></td><td class="has-text-align-center" data-align="center"><strong><strong>COMMANDERIE DES CHEVALIERS DU TASTE-LAGUIOLE</strong><br><strong>ET DES GRANDS FILEURS D&rsquo;ALIGOT DE L’AUBRAC</strong></strong></td></tr><tr><td class="has-text-align-center" data-align="center"><strong>14H00</strong></td><td class="has-text-align-center" data-align="center"><strong><strong>MONTMARTRE</strong></strong></td><td class="has-text-align-center" data-align="center"><strong>HOMMAGE A MICHOU PAR LE CABARET MICHOU</strong></td></tr><tr><td class="has-text-align-center" data-align="center"><strong>16H00</strong></td><td class="has-text-align-center" data-align="center"><strong><strong>CONCERT</strong></strong></td><td class="has-text-align-center" data-align="center"><strong><strong><strong>MUSIC LIVE AVEC LE GROUPE « LA DERYVES »</strong></strong></strong></td></tr><tr><td class="has-text-align-center" data-align="center"><strong>17H45</strong></td><td class="has-text-align-center" data-align="center"><strong>CULTURE</strong></td><td class="has-text-align-center" data-align="center"><strong>L’HOMMAGE À PIERRE SOULAGES PAR JO DI BON</strong></td></tr><tr><td class="has-text-align-center" data-align="center"><strong>18H</strong></td><td class="has-text-align-center" data-align="center"><strong>OFFICIEL</strong></td><td class="has-text-align-center" data-align="center"><strong><strong>CÉRÉMONIE DE CLOTURE | « SE CANTO »</strong></strong></td></tr></tbody></table></figure>

<p>SAMEDI 24 JUIN 2023 Place des Abbesses 9H00 MARCHÉ OUVERTURE DU VILLAGE 10H15 FOLKLORE DÉFILÉ DE LA BOURRÉE MONTAGNARDEET DES PASTRES &amp; PASTRETOS 11H30 OFFICIEL INAUGURATION DU MONT AVEYRON 2023 14H00 MODE DÉFILÉ DE MODE BY ZEZETTE DE MONTMARTRE 15H00 FOLKLORE DÉFILÉ DE LA BOURRÉE MONTAGNARDE 16H00 CONCERT MUSIC LIVE AVEC LE GROUPE « LA DERYVES » 17H00 COMPÉTITION CHAMPIONNAT DU MONDE DE FIL D’ALIGOT 18H15 FOLKLORE DÉFILÉ FOLKLORIQUE DES ENFANTS DE PASTRES &amp; PASTRETOS 19H30 OFFICIEL REMISE DES PRIX La soirée continue dans les Restaurants et les Pubs de Montmartre ! DIMANCHE 25 JUIN 2023 Place des Abbesses 8H00 MARCHÉ OUVERTURE DU VILLAGE 8H15 CULTURE DÉBUT DU LIVE STREET ART AVEC JO DI BONA 10H30 MESSE EN L’EGLISE SAINT-JEAN DE MONTMARTREAnimée par LA BOURREE MONTAGNARDE 12H30 OFFICIEL COMMANDERIE DES CHEVALIERS DU TASTE-LAGUIOLEET DES GRANDS FILEURS D&rsquo;ALIGOT DE L’AUBRAC 14H00 MONTMARTRE HOMMAGE A MICHOU PAR LE CABARET MICHOU 16H00 CONCERT MUSIC LIVE AVEC LE GROUPE « LA DERYVES » 17H45 CULTURE L’HOMMAGE À PIERRE SOULAGES PAR JO DI BON 18H OFFICIEL CÉRÉMONIE DE CLOTURE | « SE CANTO »</p>
